 -31*t - 2. Let f be z(-2). Suppose 790 = -5*i - f. What is the remainder when (-1 - -4)/((-15)/i) is divided by 12?
10
Let d(k) = k**2 - k - 3. Let n be d(3). Suppose -n*u - z + 9 = 0, 0 = -4*u - z + 1 + 11. Suppose 4*v = v + u. Calculate the remainder when 1 is divided by v.
0
Suppose 24 = z + 8. Suppose -o + 2*s - z = -2*o, -3*o + 5*s + 15 = 0. Calculate the remainder when 13 is divided by o.
3
Suppose 0 = -4*i + 5*t + 50, -i + 3*t = 5*t - 19. Calculate the remainder when 42 is divided by i.
12
Let m = 119 + -90. Suppose 0*g - g = 3, -4*i - 3*g = -23. What is the remainder when m is divided by i?
5
Suppose 105*z = 84*z + 189. Let m = -10 + 45. Calculate the remainder when m is divided by z.
8
Suppose -5*t = 5*y - 4*t + 16, 2*y - 2*t = -4. Calculate the remainder when 17 is divided by 5/((-15)/8)*y.
1
Let w(x) = x + 5. Suppose 0*o = -4*a - 2*o, 0 = -3*a + 3*o. Let f be w(a). Calculate the remainder when (-1131)/(-15) + (-2)/f is divided by 26.
23
Let k(p) be the third derivative of -p**4/12 + p**3/2 + 15*p**2. What is the remainder when 66 is divided by k(-7)?
15
Suppose 5*p - 4*a = 87, 6*a - 3*a + 70 = 4*p. Calculate the remainder when 186 is divided by p.
15
Suppose 0 = -14*w + 11*w + 6. Suppose -36 = w*z - 5*z. What is the remainder when 47 is divided by z?
11
Suppose 0 = 31*m - 25*m + 4986. Calculate the remainder when 121 is divided by (-4)/(108/m) + (-6)/(-27).
28
Let a be 5/4 - (-35)/(-28). Let c(d) = -2*d**2 + 2*d + 142. Calculate the remainder when c(a) is divided by 16.
14
Let v = 288 - 283. Calculate the remainder when 18 is divided by v.
3
Let a = 1906 - 1874. Let h = 19 + -12. What is the remainder when a is divided by h?
4
Let r = -290 + 293. Calculate the remainder when 22 is divided by r.
1
Suppose 0 = -21*r + 19*r + 312. What is the remainder when r is divided by 20?
16
Let j be ((3 - 1) + -1)*0. Suppose -3*m - x + 68 = -9, 4*m + 3*x - 111 = j. Calculate the remainder when m is divided by 0 + (0 - -1) + 8.
6
Let c = 36 + -34. What is the remainder when 131 is divided by 469/14 + c/(-4)?
32
Let b(i) = 0*i + 0*i + 9*i**2 - i**3 - 3 + 5*i. Calculate the remainder when b(6) is divided by 34.
33
Let c = 254 + -142. Suppose 9*r - 11*r = -c. What is the remainder when r is divided by 19?
18
Let p(m) = m**2 - 3*m - 5. Let d = 987 + -974. Calculate the remainder when p(-4) is divided by d.
10
Let b(n) = -n**3 - 9*n**2 - 8*n + 3. Let h be b(-8). Let l = 0 - h. Calculate the remainder when (22/6)/((-1)/l) is divided by 6.
5
What is the remainder when 151 is divided by 47/3 - 380/228?
11
Let h(f) = -2*f**2 + 9*f + 9. Let t be h(5). Suppose 99 = t*u - 3*q, 5*u + 0*q - 130 = 5*q. Calculate the remainder when 40 is divided by u.
19
Let c = -3 + 7. Suppose -4 = -0*n + 2*n. Let h(z) = 3*z**2 - 2. Calculate the remainder when h(n) is divided by c.
2
Let j(h) be the third derivative of -h**4/2 - 7*h**3/6 + 36*h**2. Suppose -4*d + 8*d = -16. What is the remainder when j(d) is divided by 21?
20
Let s(f) = -f**3 + 5*f**2 - 3*f - 1. Let v = -694 + 697. Calculate the remainder when s(4) is divided by v.
0
What is the remainder when 118 is divided by ((-2)/3)/(17/((-5916)/8))?
2
Let r be (6/(-10))/(1/(-5)). Suppose 3*p + p - 149 = -r*z, 0 = 2*p - z - 77. Let s = p + -26. Calculate the remainder when s is divided by 7.
5
Suppose -5 = -5*y, -6*y - 259 = -2*r - 5*y. What is the remainder when r is divided by 29?
14
Let t(x) = x - 6. Let f be t(-12). Let o = f + 34. Calculate the remainder when 59 is divided by o.
11
Let a(s) = -s**2 + 8*s + 18. Suppose -26 = 7*l - 82. Calculate the remainder when 89 is divided by a(l).
17
Suppose -v - 296 = -m, 573 - 1749 = -4*m + 2*v. Calculate the remainder when m is divided by 33.
28
Let r(t) = -156*t + 174. What is the remainder when r(-4) is divided by 89?
86
Suppose 27*b + 51 - 294 = 0. Calculate the remainder when 25 is divided by b.
7
Let i = -1001 - -1255. What is the remainder when i is divided by 132?
122
Suppose 0 = l + 5*g + 12 - 35, 2*l = 4*g - 10. Suppose -3*b = 2*t - 0*t - 73, -l*b + 59 = -5*t. Calculate the remainder when 43 is divided by b.
20
Let d be (-8)/(-44) - 19460/(-55). What is the remainder when ((-6)/18)/((-2)/d) is divided by 10?
9
Suppose -3*g + g + 5 = k, 4*g = 4*k - 20. Let o(m) = 2*m + 69. What is the remainder when o(g) is divided by 24?
21
Suppose -2*g + 5*p = -92 - 278, g - 5*p = 195. Suppose -4*y = -300 + 64. What is the remainder when g is divided by y?
57
Suppose 0 = 7*t + 600 + 233. Let a = t + 146. Calculate the remainder when a is divided by 5.
2
Let g(p) = -p**3 - p + 3. Let h be g(-2). Let r = h - -25. What is the remainder when r is divided by 11?
5
Let a(o) = o**3 + 6*o**2 - 14*o + 17. Let r be a(-8). Let u = 4 - 7. Calculate the remainder when u/(-3) - (-28 - r) is divided by 8.
6
Let q = -4 - -5. Suppose 4*z = 8*z - 248. What is the remainder when z is divided by (q/1)/(-3 + (-200)/(-65))?
10
Suppose 5*t = 51 - 11. Let z = t - 19. Let x(i) = i**2 + 8*i - 8. Calculate the remainder when x(z) is divided by 14.
11
Let h(x) = -x**2 + 9*x - 5. Let i be h(8). Suppose -i*g + 65 = -112. Let b(c) = -5*c - 5. What is the remainder when g is divided by b(-5)?
19
Suppose 59*l - 49*l - 290 = 0. What is the remainder when l is divided by 7?
1
Suppose -2*q = g - 71 + 13, 4*q + 4*g - 116 = 0. What is the remainder when (-2524)/(-30) - (-19)/(285/(-2)) is divided by q?
26
Suppose 5*t + 143 = 5*d + 8*t, 0 = t - 1. Calculate the remainder when 251 is divided by d.
27
Let w be 5 + -1 - (-12 + 4)*1. Calculate the remainder when (0 - 2) + 42*18/w is divided by 8.
5
Let u = 9 - 6. Suppose -u*n = -2*n - 28. Suppose 3*x = x + 2*s + n, 10 = -2*s. Calculate the remainder when x is divided by 5.
4
Let w be (-10)/4 - (-5)/10. Let y be (-49)/(2/w + 2). What is the remainder when 4 + (-2 + 0 - y) is divided by 26?
25
Suppose 2*i = -2*q + 5*q - 127, -5*i = -20. Calculate the remainder when q is divided by 11.
1
Suppose -3*d = -v - 3, 2*v + v - 3*d - 9 = 0. Let i = -2 + 11. Let u = 24 - i. Calculate the remainder when u is divided by v.
3
Suppose 4*l - 4*q = l + 214, -3*q + 347 = 5*l. Calculate the remainder when 348 is divided by l.
68
Let z = -28 + 39. Let t be (-10)/(4/(-2))*z. Suppose -4*b + 203 = t. Calculate the remainder when b is divided by 10.
7
Suppose 2*h = 4*z + 158, z - 6*z - 178 = 4*h. Let o = 11 + z. Let q = -24 - o. What is the remainder when 7 is divided by q?
1
Let m(f) = 5*f**2 + 2*f. Let v be m(-2). Let r = 47 - v. Calculate the remainder when 92 is divided by r.
30
Suppose -4*v + n - 3*n = -238, -3*v = 5*n - 196. Calculate the remainder when v is divided by 13.
5
Let d(a) = -2*a**2 - 27*a + 38. What is the remainder when d(-13) is divided by 27?
24
Let h be (2/(-6))/(5/6 + -1). Suppose r - 8 = -c, r - 3 = h. What is the remainder when 9 is divided by c?
0
Let q(z) = -5*z - 38. Let o be q(-8). Suppose 0 = -2*b - 1 - 3, 2*u = -o*b + 8. Calculate the remainder when u is divided by 5.
1
Suppose 5*r - 2 - 2 = -s, 2*s + 5*r = 8. Let a = 29 - s. Calculate the remainder when (30/(-20))/(12/(-376)) is divided by a.
22
Suppose 35 = 3*w + 5*z, 4*w + 4*z - 3*z = 58. Calculate the remainder when 30 is divided by w.
0
Calculate the remainder when 44*(15/(-2) + 10) is divided by 44.
22
Let l(y) be the first derivative of -5*y**2 + 3. Suppose -6*s = -2*s + 12. Calculate the remainder when 89 is divided by l(s).
29
Suppose -1 = 4*q + 39. Suppose -a + 2*h = 7*h, -4*a - 3*h + 68 = 0. Let b = a + q. Calculate the remainder when 18 is divided by b.
8
What is the remainder when 58 is divided by ((-3)/6)/(3/(-186))?
27
Suppose -4*c - 1 = -5. Calculate the remainder when 43 is divided by 3 + 4 - -3 - c.
7
What is the remainder when 90 is divided by (-21508)/(-608) - 3/8?
20
Suppose 2*t + 20 = a - 0*a, -26 = -a + 4*t. What is the remainder when (-55)/22*(1 + -11) is divided by a?
11
Suppose 0 = 4*h - 2*p + 332, 139 + 250 = -5*h - 4*p. Let d = -35 - h. What is the remainder when d is divided by 24?
22
Let d(a) = 2*a + 50. Let r be d(-22). Calculate the remainder when 4 - r - (-58 + 1) is divided by 20.
15
Suppose 2*q + 38*q = 560. Calculate the remainder when 279 is divided by q.
13
Suppose 5*t = -407 + 452. What is the remainder when 97 is divided by t?
7
Let f be (-60)/(-105) + (-48)/(-14). Suppose -f*